{"id":428,"date":"2018-02-10T18:18:15","date_gmt":"2018-02-10T18:18:15","guid":{"rendered":"http:\/\/wp.sonnentours.gr\/?page_id=428"},"modified":"2019-05-24T13:38:14","modified_gmt":"2019-05-24T13:38:14","slug":"ueber-uns","status":"publish","type":"page","link":"https:\/\/www.sonnentours.gr\/?page_id=428","title":{"rendered":"Unsere Geschichte"},"content":{"rendered":"<h6 style=\"text-align: center; padding-left: 90px;\"><span style=\"color: #000000;\"><span style=\"color: #993300;\"><span style=\"color: #990606;\"><strong>Sonnen Tours and Cruises<\/strong><\/span>\u00a0<\/span>ist bei der Ausarbeitung von Studien- und Bildungsreisen- Fachexkursionen nach Griechenland schon seit \u00fcber 35\u00a0Jahren Spezialist.<\/span><span style=\"color: #000000;\">Das antike und sonnige Griechenland bietet Ihnen eine gro\u00dfe Palette interessanter M\u00f6glichkeiten und wir unterst\u00fctzen Sie gerne bei Ihren Griechenlandreisepl\u00e4nen und arbeiten das ma\u00dfgeschneiderte Reisepacket auch f\u00fcr Ihre Busreisegruppen via Italien und Flugreisegruppen wie z.B. Volkshochschulen, Vereine, Verb\u00e4nde, kirchliche Exkursionen, kunsthistorische oder landwirtschaftliche Fachgruppen aus.\u00a0<\/span><\/h6>\n<p>&nbsp;<\/p>\n<p style=\"text-align: center;\"><img data-recalc-dims=\"1\" loading=\"lazy\" decoding=\"async\" data-attachment-id=\"374\" data-permalink=\"https:\/\/www.sonnentours.gr\/?attachment_id=374\" data-orig-file=\"https:\/\/i0.wp.com\/www.sonnentours.gr\/wp-content\/uploads\/2018\/02\/DSC00510d-e1518188064624.jpg?fit=100%2C150&amp;ssl=1\" data-orig-size=\"100,150\" data-comments-opened=\"0\" data-image-meta=\"{&quot;aperture&quot;:&quot;3.3&quot;,&quot;credit&quot;:&quot;&quot;,&quot;camera&quot;:&quot;DSC-W150&quot;,&quot;caption&quot;:&quot;&quot;,&quot;created_timestamp&quot;:&quot;1236823322&quot;,&quot;copyright&quot;:&quot;&quot;,&quot;focal_length&quot;:&quot;5&quot;,&quot;iso&quot;:&quot;250&quot;,&quot;shutter_speed&quot;:&quot;0.01&quot;,&quot;title&quot;:&quot;&quot;,&quot;orientation&quot;:&quot;0&quot;}\" data-image-title=\"Dimitris Dakas\" data-image-description=\"\" data-image-caption=\"\" data-large-file=\"https:\/\/i0.wp.com\/www.sonnentours.gr\/wp-content\/uploads\/2018\/02\/DSC00510d-e1518188064624.jpg?fit=100%2C150&amp;ssl=1\" class=\"alignnone size-full wp-image-374\" src=\"https:\/\/i0.wp.com\/wp.sonnentours.gr\/wp-content\/uploads\/2018\/02\/DSC00510d-e1518188064624.jpg?resize=100%2C150\" alt=\"\" width=\"100\" height=\"150\" \/><\/p>\n<h5 style=\"text-align: center;\">Dimitris Dakas<\/h5>\n<h6 style=\"text-align: center;\">Gr\u00fcnder und Inhaber des Unternehmens Sonnen Tours and Cruises, Dimitris Dakas f\u00fcr \u00fcber 35 Jahren hatte er geschafft die Sch\u00e4tze und die Sch\u00f6nheit Griechenlands zu kombinieren und qualitative Reiseprogramme anzubieten. Mit seiner Professionalit\u00e4t und Gastfreundschaft war er immer bereit, die n\u00e4chste Gruppe in Griechenland zu begr\u00fc\u00dfen. Seine Liebe und Leidenschaft f\u00fcr seine Arbeit spielte immer eine der wichtigsten Rollen in seinem Leben.<\/h6>\n","protected":false},"excerpt":{"rendered":"<p>Sonnen Tours and Cruises\u00a0ist bei der Ausarbeitung von Studien- und Bildungsreisen- Fachexkursionen nach Griechenland schon seit \u00fcber 35\u00a0Jahren Spezialist.Das antike &hellip; <a href=\"https:\/\/www.sonnentours.gr\/?page_id=428\" class=\"more-link\">Continue reading <span class=\"screen-reader-text\">Unsere Geschichte<\/span><\/a><\/p>\n","protected":false},"author":1,"featured_media":0,"parent":0,"menu_order":0,"comment_status":"closed","ping_status":"closed","template":"","meta":{"footnotes":""},"class_list":["post-428","page","type-page","status-publish","hentry"],"aioseo_notices":[],"jetpack_shortlink":"https:\/\/wp.me\/Pa7fFN-6U","jetpack-related-posts":[{"id":734,"url":"https:\/\/www.sonnentours.gr\/?page_id=734","url_meta":{"origin":428,"position":0},"title":"Reiseprogramme","author":"edaka","date":"13\/02\/2018","format":false,"excerpt":"Eine Reise in unserem Land ist die Begegnung mit landschaftlichen Elementen des Meeres, von seinen faszinierten Inseln und der Bergweld. Die Sehensw\u00fcrdigkeiten aus allen Geschichten und Epochen machen das Verst\u00e4dnis f\u00fcr den Ursprung unserer Zivilisation erfasbar. Die nat\u00fcrliche Gegebenheit in Verbindung mit modernen Infrastruktur sowie die Verbindung von Kultur und\u2026","rel":"","context":"Similar post","block_context":{"text":"Similar post","link":""},"img":{"alt_text":"","src":"","width":0,"height":0},"classes":[]}],"jetpack_likes_enabled":true,"jetpack_sharing_enabled":true,"_links":{"self":[{"href":"https:\/\/www.sonnentours.gr\/index.php?rest_route=\/wp\/v2\/pages\/428","targetHints":{"allow":["GET"]}}],"collection":[{"href":"https:\/\/www.sonnentours.gr\/index.php?rest_route=\/wp\/v2\/pages"}],"about":[{"href":"https:\/\/www.sonnentours.gr\/index.php?rest_route=\/wp\/v2\/types\/page"}],"author":[{"embeddable":true,"href":"https:\/\/www.sonnentours.gr\/index.php?rest_route=\/wp\/v2\/users\/1"}],"replies":[{"embeddable":true,"href":"https:\/\/www.sonnentours.gr\/index.php?rest_route=%2Fwp%2Fv2%2Fcomments&post=428"}],"version-history":[{"count":11,"href":"https:\/\/www.sonnentours.gr\/index.php?rest_route=\/wp\/v2\/pages\/428\/revisions"}],"predecessor-version":[{"id":2040,"href":"https:\/\/www.sonnentours.gr\/index.php?rest_route=\/wp\/v2\/pages\/428\/revisions\/2040"}],"wp:attachment":[{"href":"https:\/\/www.sonnentours.gr\/index.php?rest_route=%2Fwp%2Fv2%2Fmedia&parent=428"}],"curies":[{"name":"wp","href":"https:\/\/api.w.org\/{rel}","templated":true}]}}